4*s + 45*s - 1001. What is the greatest common factor of t and s?
13
Suppose -2*g - 5*u + 73 = -88, 0 = 2*g - 2*u - 182. Suppose -16 = -4*w, -k + 2*w + g = k. Suppose -6 = -0*o - o. What is the highest common divisor of k and o?
6
Let u(f) = 3*f + 18. Let q be (-3)/(-3)*8/2. Suppose -5*j + 8 = -q*j. Let i be u(j). What is the highest common factor of 14 and i?
14
Let b(c) = 2*c - 2*c + 4*c + 4. Let z(v) = -8*v - 8. Let f(r) = -5*b(r) - 2*z(r). Let a be f(-3). What is the greatest common divisor of 8 and a?
8
Let r be 55/4 - 3/4. Suppose -145 = -5*b + 5*a, 10*b - r*b - 2*a + 72 = 0. Calculate the greatest common factor of 208 and b.
26
Let u(r) = 38*r + 32. Let p be u(4). What is the greatest common divisor of p and 16?
8
Suppose 2*n = -110 + 214. Calculate the greatest common factor of n and 26.
26
Suppose 5*i = -4*f - 11, i + 0*i = f - 4. Let n be (-16)/(-12)*i/(-2). Calculate the highest common factor of n and 2.
2
Let a be (-4)/(-14) - (-204)/(-28). Let r = a + 9. Suppose -r*j = -5*z - 4*j + 108, z = -2*j + 28. What is the highest common divisor of z and 10?
10
Let u(z) = 23*z - 71. Let d be u(5). Calculate the highest common divisor of d and 22.
22
Suppose -8*j + 6*j + 6 = 0. Suppose -300 = -5*s + j*s. What is the highest common divisor of 60 and s?
30
Let m = 22 + -24. Let r be (-3 - (-4 + m)) + 0. Suppose -r*s - 2*o = -34 + 4, -3*s + 4*o + 12 = 0. Calculate the highest common factor of s and 8.
8
Let q = 14 + -10. What is the greatest common divisor of q and 42?
2
Suppose 0 = -30*q + 33*q. Suppose 3*g + 5*g - 192 = q. Calculate the greatest common factor of g and 168.
24
Let v = 31 + -61. Let d be ((-36)/v)/(2/60). Suppose 4 + d = 2*j. Calculate the greatest common divisor of j and 2.
2
Let q = -573 + 881. What is the greatest common factor of q and 88?
44
Suppose 2*t + 6 = 0, 0 = 5*g + 3*t - 2 - 4. Let y be (g - 1)*1*1. Suppose 0 = -y*p - 28 + 164. What is the highest common divisor of p and 17?
17
Let o(f) = -4*f + 186. Let d be o(39). Calculate the highest common factor of d and 65.
5
Let x be -8 - -5 - 24/(-2). Let w = x - 1. Let s(c) = c**2 - 5*c - 11. Let b be s(w). What is the greatest common factor of 104 and b?
13
Let s be 4/10*-10*-78. What is the highest common factor of 48 and s?
24
Suppose 3*w + 27 = 4*w. Let f(z) = -z**2 - 8*z + 3. Let j be f(-8). What is the highest common divisor of j and w?
3
Suppose -51 = -2*f - f. Suppose -8*a + 9*a - 153 = 0. What is the greatest common divisor of f and a?
17
Let b be -2*(2 - (-308)/(-8)). Suppose 5*d - b - 2 = 0. Let l = d + -11. Calculate the greatest common factor of 2 and l.
2
Suppose 6*z = 5*g + z - 40, -4*g + 28 = -2*z. Let p be (244 - 0)*(-12)/g. Let u be p/(-4) - (-2)/(-1). Calculate the highest common divisor of u and 15.
15
Suppose 2*r = -5*d + 72, -5*r - 7*d + 10*d + 180 = 0. What is the greatest common divisor of r and 276?
12
Suppose 2*x - 26 = -2*t, 9*t - 5*t + 2*x = 42. Calculate the highest common divisor of t and 1.
1
Let g = -493 - -516. What is the highest common factor of g and 69?
23
Let x be 102/(-187) - 100/(-22). Calculate the greatest common factor of x and 260.
4
Let s(u) = 4*u**2 - 41*u + 3. Let n be s(20). What is the greatest common divisor of 54 and n?
27
Let r = 26 + -10. Suppose -21*b + r*b + 455 = 0. What is the greatest common divisor of 13 and b?
13
Suppose 725 + 1289 = 4*u + 2*c, 4*u + 5*c = 1999. What is the highest common divisor of 110 and u?
22
Let a(v) = v**3 - 7*v**2 + 5*v + 1. Let b be a(7). Let l be (-3*1)/(b/(-312)). What is the highest common divisor of 65 and l?
13
Let h be (-4)/18 + (-114)/(-27). Suppose 4*v - 4 = 0, -46 = -6*b + b + 4*v. Let m = b + -2. What is the highest common divisor of m and h?
4
Let b = 31 + -6. Let z(f) = f**2 - 5*f + 16. Suppose 0 = -3*g + 3*y - 30, 3*g = 3*y + y - 33. Let c be z(g). Calculate the highest common factor of b and c.
25
Let i(w) be the second derivative of -5*w + 0*w**2 - 2/3*w**3 + 0. Let n be i(-4). Calculate the greatest common divisor of n and 64.
16
Suppose 3*m - 64 = -m. Let h be (-9)/36 - -2*362/m. Calculate the highest common factor of 5 and h.
5
Let v = -63 - -69. Suppose 0*x = -v*x + 192. Calculate the highest common factor of x and 48.
16
Let x be 46/(-6)*(-2 + -1). Let p(k) = -k**2 + 5*k - 4. Let y be p(3). Suppose 0 = -3*b - 3, 4*m - b = y*b + x. What is the highest common divisor of 35 and m?
5
Let i be (0 - 1) + 278 + 5 + -3. Let m = i + -181. What is the highest common divisor of 28 and m?
14
Let a = 1675 - 600. Calculate the highest common factor of a and 129.
43
Let j = 2547 - 2455. What is the greatest common factor of j and 36?
4
Let i = 255 - 240. Calculate the greatest common divisor of 165 and i.
15
Suppose 0 = 6*h - 222 - 894. What is the greatest common divisor of 6 and h?
6
Let h(v) = v**2 + v - 2. Let k be h(0). Let f be 3/(-2) + (-17)/k. Calculate the greatest common factor of 21 and f.
7
Let s = 606 - 344. Suppose 5*y - 153 = q + s, -3*q = -15. Let j(z) = -5*z - 3. Let p be j(-3). What is the greatest common divisor of y and p?
12
Let a = -51 - -53. Calculate the greatest common divisor of a and 24.
2
Suppose 4*u + u - 90 = 0. Let r(j) = 35*j**3 + 3*j**2 + 21*j - 23. Let c be r(1). Calculate the highest common factor of u and c.
18
Let s = -815 - -851. What is the greatest common factor of s and 192?
12
Suppose 0 = -4*o + 99 - 27. Let a be (-27 + 30)/(2 + (-21)/12). Calculate the greatest common divisor of a and o.
6
Let p(x) = x**3 + 6*x**2 + x + 38. Let h be p(-6). What is the greatest common divisor of 1184 and h?
32
Let s be 2 - 5 - (115 - -2). Let l be ((-18)/(-5))/((-36)/s). Suppose -4*u - 67 = -547. What is the highest common divisor of l and u?
12
Let m = 0 - -16. Suppose k + 2 = 0, 5*k = 2*t + 3*k - 100. What is the highest common divisor of m and t?
16
Let k = 25 - 18. Suppose k = 4*d - 29. Calculate the highest common divisor of d and 1.
1
Let v(w) = 27*w**3 - 2*w**2 + w. Let f be v(1). Let x = -1984 + 2244. What is the highest common divisor of x and f?
26
Let u(l) = 3*l**2 + 26*l + 11. Let j be u(-11). Let g be 1914/j - (-1 + 6/8). Calculate the greatest common divisor of 55 and g.
11
Let c = -153 - -217. Suppose -c = -5*j + 256. Calculate the highest common factor of 8 and j.
8
Let b(w) = 9*w**3 - 8*w**3 + 2*w + 9*w**2 + 2 - 2*w**2. Let v be b(-5). Suppose 5*o - v = 28. Calculate the highest common factor of 126 and o.
14
Suppose -v = -2*v - t + 7, 4*t + 2 = -v. Suppose -165 - 45 = -3*i. Calculate the highest common divisor of i and v.
10
Let a(w) = 345*w**2 - 12*w + 24. Let u be a(2). What is the greatest common factor of 60 and u?
60
Suppose -5*h = -3*j + 26, 0 = 5*j + 3*h - 17 - 15. Calculate the highest common factor of 49 and j.
7
Suppose 0 = -7*y + 170 - 590. Let s = y - -82. Calculate the greatest common divisor of 176 and s.
22
Let w(g) = 10*g**2 - 7*g - 15. Let q be w(4). What is the highest common divisor of 26 and q?
13
Suppose -5*b + 3*b + 8 = 0. Suppose 13 - b = w. What is the greatest common factor of w and 63?
9
Suppose 5 = 2*w + 4*m - 5, 5*w = -m + 16. Suppose w*k - 44 = -2*n + 5*k, 2*k - 4 = 0. Suppose -x = -n - 42. Calculate the greatest common factor of x and 165.
33
Let h(a) = -2*a - 25. Let q be h(-14). Suppose m - 214 = -5*j, -3*j - 2*j = -q*m - 198. Calculate the greatest common divisor of 28 and j.
14
Let u(f) = -f**3 + 7*f**2 + 4*f - 5. Let p be u(7). Let s = 34 - p. Calculate the greatest common divisor of s and 11.
11
Suppose x - 4*b - 33 = 0, -277*x + 63 = -274*x - 3*b. What is the greatest common factor of x and 2125?
17
Let g(w) = -w**2 + 30*w + 72. Let h be g(30). Calculate the highest common divisor of 264 and h.
24
Let k be (5 - 0) + -3 - 2. Suppose k = -7*h + 2*h + 10. Suppose -h*n = -0*n - 60. What is the greatest common divisor of 270 and n?
30
Let y(b) = -3*b**2 - 3*b. Let j be y(-2). Let p(n) = n**3 + 6*n**2 - 7*n. Let v be p(j). Calculate the highest common divisor of 63 and v.
21
Let m = 3414 - 2248. What is the greatest common factor of 22 and m?
22
Let q be 4/(-16) - (3 + 589/(-4)). What is the highest common factor of q and 9?
9
Suppose 5*w - 4*w + 2*i - 137 = 0, -5*i = -4*w + 587. Calculate the greatest common factor of 13 and w.
13
Let x(y) = 29*y - 45. Let z be x(14). Calculate the highest common factor of